tors of 1 + (f - 0 - 0).
2, 3
Let h(u) be the third derivative of 1/12*u**4 - 7/6*u**3 + 0*u + 0 + 1/120*u**6 + 2*u**2 + 1/10*u**5. List the prime factors of h(-5).
2
Suppose -4*q + 63 = 23. Let z(o) = o**2 - 7*o - 12. What are the prime factors of z(q)?
2, 3
Suppose 0 = -5*x - m + 1070, 2*m = -8 - 2. List the prime factors of x.
5, 43
What are the prime factors of (3/(-4))/((-4)/48)?
3
Let v(p) = -p**2 - 8*p + 5. Let s be v(-11). Let g = -18 - s. What are the prime factors of 1/(-5) - (-72)/g?
7
Let q(f) = f**3. Let g be q(-1). Let v be -3*(-2)/2*g. Let w = v + 9. List the prime factors of w.
2, 3
Let g = 374 - 260. Suppose g = 3*c - 12. List the prime factors of c.
2, 3, 7
Let s = 153 + -109. What are the prime factors of s?
2, 11
Let i(d) = -d**3 + 5*d**2 - 4*d + 2. Let s be i(4). Let t be (4/s + -2)/(-2). Suppose 8 = -t*m + 2*m - a, 0 = 2*a. List the prime factors of m.
2
Let s(v) = -v - 3. Let g be (((-9)/3)/(-3))/(-1). Let u be (g - (-2 + -1)) + -10. What are the prime factors of s(u)?
5
Let j be ((-58)/5)/((-8)/20). Let h = j - 7. What are the prime factors of h?
2, 11
Suppose -8*z + 9*z = 4. Suppose 0 = -z*o + 4*u + 52, 5*u + 38 = 2*o - 0*u. What are the prime factors of o?
3
Let k be 12/(-8)*(-104)/3. Suppose -2*q = 2*q - k. What are the prime factors of q?
13
Suppose -9*m + 830 = -241. What are the prime factors of m?
7, 17
Suppose -4*r + 15 = r. Suppose 0 = r*s - 0*s - 6. What are the prime factors of s?
2
Let u(z) = -21*z - 3. Let x be u(4). Let l be (-5 - (0 - 3)) + -1. List the prime factors of x/(-9) + (-1)/l.
2, 5
Let q(f) be the second derivative of 2*f**3/3 - 3*f**2 + 2*f. What are the prime factors of q(4)?
2, 5
Let l(j) = -j**2 - 2*j - 4. Let i be l(-5). Let t = i + 28. Let r = t - 3. What are the prime factors of r?
2, 3
Let a(r) = 2*r**2 - 3*r + 1. What are the prime factors of a(5)?
2, 3
Suppose 206 = 4*r - 126. List the prime factors of r.
83
Let f(u) = 9*u + 3. What are the prime factors of f(2)?
3, 7
Let i(b) = -b**2 + 10*b + 8. Let l be i(8). Suppose -3*x + 4*q - l = 0, 6*x + 3*q + 3 = 3*x. What are the prime factors of 2 - -16 - (x + 1)?
3, 7
Suppose 3*m = 2*r + 2*r + 13, -9 = -4*m - 3*r. Let j = -3 + m. Suppose j*v - 2*v = -14. List the prime factors of v.
7
Suppose -3 = 4*n + 1, 4*n + 12 = -4*b. What are the prime factors of (-120)/5*b/4?
2, 3
Suppose 0 = g - 0*g - m - 106, 0 = -3*g - 3*m + 330. What are the prime factors of g?
2, 3
Let r(c) be the third derivative of -c**6/24 + c**3/6 - c**2. List the prime factors of r(-1).
2, 3
Let k be -4*-1*(-3)/(-1). Suppose l - k - 2 = -5*w, -4*l = 5*w - 26. What are the prime factors of 7/(-1)*(-3 + w)?
7
Let q be 2/(-1) - 4/(-2). Suppose 0 = -q*s - 4*s + 32. List the prime factors of ((-16)/10)/(s/(-20)).
2
Let n be (1 + -1)/(-8 - -7). Let l be 3 + n + -4 + 0. Let s = 7 + l. List the prime factors of s.
2, 3
List the prime factors of (16/(-24))/1 + 1348/6.
2, 7
Let m = 12 + -12. Suppose 5*u - 45 = -5*a, -11 = -3*u + a - m*a. List the prime factors of u.
5
Let w(b) = -b - 2*b + 0*b + 4 + 4*b. List the prime factors of w(6).
2, 5
Let k = 88 + 244. List the prime factors of k.
2, 83
Let n = -5 + 2. Let o be (-6)/(n + 18/8). Let z = o - -5. List the prime factors of z.
13
Suppose 1088 = 5*n - z - 298, 4*n = -2*z + 1120. List the prime factors of n/10 + 2/10.
2, 7
Suppose 4*m + 2*x = 4, -2*x = 5 - 1. Let s(r) = -r - 6. Let d be s(-6). Suppose d*g - m*g = -24. What are the prime factors of g?
2, 3
Suppose 0 = -4*t + 6*c - c + 199, 3*c = 4*t - 201. What are the prime factors of t?
3, 17
List the prime factors of 28/42 + 139/3.
47
Let h(s) = -s**3 + 5*s**2 + 6*s + 8. Let r be h(6). Suppose -r = 3*n + n. Let u(c) = -4*c + 1. What are the prime factors of u(n)?
3
Suppose k = 3 + 1. Suppose -x + k*x - 6 = 0. Suppose x*z = 2*b - 30, -4*z + 9*z + 36 = 2*b. List the prime factors of b.
13
Suppose -264 = -2*m - 5*b, -2*m + 5*b = -107 - 177. What are the prime factors of m?
137
Let i = -12 + 15. Let x = 0 - -3. Suppose -x*b - 12 = i*z - 63, 13 = -b + 5*z. What are the prime factors of b?
2, 3
Let m = -4 + 4. Suppose -2*u + m*u = -24. What are the prime factors of u?
2, 3
Let z(p) = -p**2 - 10. Let m be z(-7). Let n = 88 + m. List the prime factors of n.
29
Suppose 0 = 2*g - g - 7. List the prime factors of (7/(-3))/(g/(-21)).
7
Let k(u) = -u + 2. Let v be k(5). Let h = 0 - v. Suppose -5*c = -2*f - 4, -h + 15 = 3*c. List the prime factors of f.
2
Let f(s) = -2*s**3 - 17*s**2 - 4*s + 15. What are the prime factors of f(-9)?
2, 3, 11
Let v(b) be the first derivative of -b**2 - 21*b - 7. What are the prime factors of v(-15)?
3
Let l(f) = -3*f**3 + 3*f**2 + 4*f + 3. Let q be l(-2). Suppose -5*r + 35 = 3*i + 2*i, q = 4*r + 3*i. What are the prime factors of r?
2, 5
Suppose t + 2*l - 32 = 0, -l - 3*l = 5*t - 136. Suppose -7*m + t = -6*m. What are the prime factors of m?
2, 3
Let p = 62 - 43. List the prime factors of p.
19
What are the prime factors of (-9)/15 - (-890)/25?
5, 7
Let z(f) = -3*f + 4. Let g be z(2). Let t(v) = -25*v + 1. List the prime factors of t(g).
3, 17
Let h = 16 + -11. Suppose 3*b = 2*y - 0*y - 38, h*y + 4*b = 95. What are the prime factors of y?
19
Let u(k) = k**3 - 3*k**2 + 2*k + 2. Let v be u(3). Let h(l) = 2*l - 8. List the prime factors of h(v).
2
Suppose -644 = -0*r - 7*r. List the prime factors of r.
2, 23
Suppose -3*r - 2*r = 0. Let f(l) = 3*l - 2*l - 1 + 11. List the prime factors of f(r).
2, 5
Suppose 3*h - h + n - 7 = 0, 5*n - 2 = h. Suppose -8*z = -h*z - 20. Suppose 3*a + z = 43. What are the prime factors of a?
13
Let h(v) = -9*v - 8*v**2 + 10 - v**3 - 2*v**2 - 1. List the prime factors of h(-9).
3
Let s(h) = -h - 1. Let y(b) = -8*b - 4. Let r(a) = 6*s(a) - y(a). Let m be r(2). Suppose -m*i + 3*j = i - 75, 4*i - 5*j = 103. What are the prime factors of i?
2, 11
Let q be 5*14*(-4)/20. Let w = -8 - q. List the prime factors of w.
2, 3
Suppose 3*q + 2*q = -60. Let b = 3 + q. Let g = b - -21. List the prime factors of g.
2, 3
Suppose 3 = -4*n + 11. Suppose 18 - 132 = -3*m + 3*i, 3*i = -n*m + 61. What are the prime factors of m?
5, 7
Let t = 110 - 76. What are the prime factors of t?
2, 17
Suppose -14 = -4*i - 3*b, -4*b + 3 + 4 = 3*i. Suppose -33 + i = -2*v. Let o = v + 1. What are the prime factors of o?
3, 5
Suppose c - 2*c = -h - 775, -h + 2*c = 773. What are the prime factors of 2/9 + h/(-27)?
29
Suppose 0 = -3*j + i + 2*i - 54, -3*j - 5*i = 22. What are the prime factors of (-12)/j*(1 - -20)?
2, 3
Let w(x) = x**2 - 21*x + 60. What are the prime factors of w(29)?
2, 73
Let f(b) = b**3 + 6*b**2 + 4*b. Let a be (-6)/((-6)/4 + 3). What are the prime factors of f(a)?
2
Let s be 1*-1 + 6 + -1. Let z(w) = -3*w**2 - 10*w**3 + 11*w**3 + 5 + 1 - 3*w. What are the prime factors of z(s)?
2, 5
Let u = -9 - -4. Let j(v) = -v + 4. Let c be j(4). Let g = c - u. What are the prime factors of g?
5
Let q(w) = -9*w**2 + 1. Let m be q(-1). Let s be (36/m)/((-2)/12). Suppose -s = -2*d - d. List the prime factors of d.
3
Suppose 4*p - 15 = -5*l, 4*p = 4*l + 85 - 25. Suppose p = 3*y - 11. Let w = y + 7. What are the prime factors of w?
2, 7
Let q(a) = a + 6. Let r(j) = -j**3 + 4*j**2 - 4. Let k be (-4 + 2)*(-6)/4. Let h be r(k). What are the prime factors of q(h)?
11
Let u = -2 + 7. Suppose 3*o - 3 - 6 = 0. Suppose u*r = o*w - 0*r - 22, 1 = r. What are the prime factors of w?
3
Let p(t) be the third derivative of -t**5/60 - 5*t**4/12 - t**3 - t**2. Let i be p(-9). Suppose -5*r = -2*r + 15, -i*r = -5*m + 45. List the prime factors of m.
2, 3
Let n(m) = -m - 1. Let c(x) = x**2 - 12*x - 15. Suppose -3*u + 1 = -11. Let t(z) = u*n(z) - c(z). What are the prime factors of t(8)?
11
Let m be (30/40)/((-1)/(-68)). Suppose -4*s = 3*v - m, -69 = -4*s + 3*v - 0*v. What are the prime factors of s?
3, 5
Let h(o) be the third derivative of 3*o**6/10 + o**5/30 + o**4/24 - o**2. Let d be h(-1). Let v = -25 - d. What are the prime factors of v?
2, 5
Let g be 0/(1 + (-3 - -1)). Suppose -547 = 3*k + 5*t, 5*k + 2*t + 232 + 686 = g. List the prime factors of (-6)/27 - k/18.
2, 5
Let c = 3 + -1. Let a(i) = 0*i - i + c + i - 2*i. List the prime factors of a(-2).
2, 3
Let a(g) be the second derivative of 2*g**3/3 - 2*g**2 + 5*g. List the prime factors of a(3).
2
Suppose v = 2*v. Suppose 3*d + 2*d + 130 =